base 3.
2002
Convert -17 (base 15) to base 4.
-112
Convert -1 (base 11) to base 7.
-1
Convert 6 (base 14) to base 7.
6
What is -5 (base 15) in base 8?
-5
What is 10 (base 2) in base 4?
2
What is d (base 14) in base 3?
111
a (base 11) to base 15
a
Convert -52 (base 10) to base 12.
-44
Convert 4 (base 5) to base 9.
4
Convert 311 (base 4) to base 8.
65
Convert 88 (base 13) to base 2.
1110000
-1 (base 11) to base 5
-1
286 (base 10) to base 6
1154
Convert -11c (base 13) to base 4.
-3002
201 (base 4) to base 9
36
Convert -2 (base 13) to base 14.
-2
What is 20 (base 9) in base 10?
18
100100 (base 2) to base 12
30
Convert 3 (base 14) to base 11.
3
What is -4 (base 14) in base 12?
-4
0 (base 13) to base 7
0
1 (base 10) to base 15
1
What is 6 (base 12) in base 3?
20
126 (base 7) to base 11
63
Convert -33 (base 6) to base 8.
-25
Convert 81 (base 11) to base 10.
89
-1011 (base 5) to base 12
-ab
84 (base 13) to base 2
1101100
What is 72 (base 8) in base 13?
46
-13 (base 4) to base 8
-7
-1000 (base 4) to base 2
-1000000
Convert -167 (base 9) to base 15.
-97
What is 2 (base 8) in base 10?
2
Convert -10 (base 10) to base 5.
-20
Convert 1 (base 9) to base 2.
1
-3 (base 10) to base 16
-3
Convert 1 (base 9) to base 14.
1
Convert a (base 16) to base 13.
a
What is -11 (base 14) in base 12?
-13
Convert 8 (base 9) to base 3.
22
What is 5 (base 12) in base 11?
5
Convert -1 (base 16) to base 13.
-1
Convert -3 (base 11) to base 2.
-11
Convert 21 (base 10) to base 6.
33
What is -24 (base 16) in base 8?
-44
What is 11 (base 4) in base 10?
5
12 (base 5) to base 10
7
Convert 2 (base 10) to base 2.
10
What is -11 (base 2) in base 16?
-3
Convert 1 (base 12) to base 3.
1
42 (base 9) to base 13
2c
Convert 22 (base 3) to base 5.
13
What is -2230 (base 4) in base 2?
-10101100
1102 (base 4) to base 8
122
Convert 103 (base 7) to base 15.
37
-11 (base 2) to base 12
-3
Convert 11 (base 5) to base 14.
6
What is 3 (base 5) in base 2?
11
169 (base 14) to base 16
121
-2 (base 12) to base 13
-2
Convert 2 (base 13) to base 7.
2
Convert 212 (base 9) to base 5.
1143
Convert -33 (base 4) to base 8.
-17
Convert 34 (base 13) to base 15.
2d
What is 1 (base 11) in base 12?
1
What is 11 (base 12) in base 3?
111
What is -12 (base 14) in base 12?
-14
What is 11 (base 2) in base 9?
3
What is -2 (base 7) in base 9?
-2
-10 (base 3) to base 13
-3
4 (base 12) to base 13
4
Convert 220 (base 4) to base 13.
31
What is -2303 (base 4) in base 8?
-263
Convert -43 (base 10) to base 6.
-111
13 (base 4) to base 10
7
What is -b8 (base 13) in base 14?
-ab
-6 (base 10) to base 4
-12
Convert -2 (base 8) to base 3.
-2
20 (base 3) to base 2
110
Convert 5a (base 13) to base 2.
1001011
Convert -10110 (base 2) to base 15.
-17
Convert 11 (base 9) to base 12.
a
Convert -43 (base 5) to base 8.
-27
5 (base 8) to base 16
5
Convert -2 (base 11) to base 10.
-2
What is 0 (base 2) in base 4?
0
Convert 2a (base 15) to base 14.
2c
What is -10 (base 2) in base 16?
-2
-1044 (base 5) to base 9
-175
Convert -2 (base 12) to base 14.
-2
What is 2 (base 4) in base 14?
2
What is 3 (base 7) in base 6?
3
Convert -9 (base 12) to base 4.
-21
Convert -46 (base 14) to base 9.
-68
Convert 14a (base 11) to base 3.
20111
What is 27 (base 9) in base 7?
34
-221 (base 5) to base 2
-111101
What is -11 (base 7) in base 10?
-8
Convert -111 (base 11) to base 14.
-97
What is 11100000 (base 2) in base 4?
3200
54 (base 11) to base 13
47
-1 (base 6) to base 4
-1
What is -101 (base 2) in base 5?
-10
10111 (base 2) to base 15
18
What is -2 (base 14) in base 6?
-2
What is -2 (base 9) in base 7?
-2
What is 140 (base 7) in base 13?
5c
Convert 0 (base 3) to base 9.
0
What is 1 (base 12) in base 4?
1
Convert -5 (base 11) to base 4.
-11
Convert -445 (base 6) to base 5.
-1143
What is 6 (base 14) in base 6?
10
Convert 3 (base 11) to base 3.
10
Convert 16 (base 15) to base 7.
30
What is 411 (base 7) in base 2?
11001100
What is 1 (base 8) in base 16?
1
-5 (base 14) to base 15
-5
-11 (base 5) to base 6
-10
What is 3 (base 14) in base 11?
3
Convert 13 (base 5) to base 2.
1000
-b0 (base 16) to base 9
-215
What is 222 (base 4) in base 10?
42
11 (base 11) to base 3
110
Convert 41 (base 5) to base 7.
30
Convert 1 (base 11) to base 10.
1
235 (base 9) to base 6
522
What is -8 (base 15) in base 6?
-12
What is -3a (base 16) in base 12?
-4a
-5b (base 15) to base 14
-62
Convert -11 (base 2) to base 3.
-10
0 (base 3) to base 10
0
Convert -43 (base 12) to base 9.
-56
What is 202 (base 10) in base 9?
244
Convert -1 (base 6) to base 12.
-1
-101 (base 9) to base 12
-6a
What is 38 (base 11) in base 7?
56
-11 (base 2) to base 15
-3
21 (base 3) to base 16
7
Convert 2a (base 16) to base 14.
30
What is 50 (base 10) in base 3?
1212
Convert 22 (base 4) to base 9.
11
What is 3 (base 12) in base 10?
3
Convert 34 (base 13) to base 7.
61
What is 0 (base 2) in base 8?
0
Convert 21 (base 3) to base 2.
111
Convert 49 (base 12) to base 2.
111001
-101 (base 2) to base 10
-5
What is -bc (base 16) in base 14?
-d6
What is 10111 (base 2) in base 3?
212
5 (base 11) to base 7
5
What is 134 (base 12) in base 10?
184
-17 (base 13) to base 4
-110
Convert 2021 (base 3) to base 11.
56
-15 (base 10) to base 14
-11
7 (base 10) to base 7
10
100 (base 8) to base 11
59
Convert 15 (base 8) to base 5.
23
What is 55 (base 12) in base 5?
230
What is 9 (base 12) in base 7?
12
-2 (base 15) to base 7
-2
6 (base 14) to base 2
110
What is 5 (base 9) in base 14?
5
What is 0 (base 14) in base 11?
0
What is 3 (base 13) in base 7?
3
4 (base 9) to base 8
4
Convert 97 (base 16) to base 5.
1101
110 (base 3) to base 2
1100
-26 (base 8) to base 7
-31
65 (base 15) to base 10
95
b7 (base 13) to base 8
226
-2 (base 9) to base 14
-2
What is -cc (base 15) in base 2?
-11000000
4 (base 11) to base 3
11
What is -110 (base 2) in base 10?
-6
4 (base 10) to base 13
4
What is -70 (base 15) in base 9?
-126
-30 (base 8) to base 5
-44
-40 (base 6) to base 4
-120
1 (base 11) to base 3
1
135 (base 10) to base 4
2013
Convert -1101 (base 2) to base 11.
-12
6 (base 10) to base 11
6
7 (base 10) to base 15
7
What is 15 (base 16) in base 2?
10101
-1002 (base 3) to base 8
-35
What is 9 (base 15) in base 2?
1001
What is -1 (base 2) in base 9?
-1
Convert 18 (base 16) to base 3.
220
-3 (base 11) to base 14
-3
What is 5 (base 16) in base 11?
5
Convert -1 (base 14) to base 13.
-1
Convert 3 (base 15) to base 8.
3
Convert 10011 (base 2) to base 8.
23
Convert 3 (base 13) to base 16.
3
Convert 43 (base 5) to base 15.
18
What is -5 (base 14) in base 3?
-12
What is 3 (base 12) in base 8?
3
0 (base 2) to base 9
0
Convert -12 (base 16) to base 10.
-18
1 (base 9) to base 4
1
What is 10010110 (base 2) in base 14?
aa
10 (base 3) to base 13
3
-23 (base 15) to base 7
-45
Convert -2 (base 6) to base 14.
-2
Convert -22 (base 4) to base 15.
-a
Convert 212 (base 5) to base 16.
39
Convert -2 (base 9) to base 13.
-2
0 (base 7) to base 5
0
Convert -2e (base 16) to base 5.
-141
What is -531 (base 6) in base 4?
-3013
Convert 2 (base 8) to base 6.
2
Convert -3 (base 10) to base 6.
-3
-5 (base 16) to base 6
-5
Convert 0 (base 13) to base 9.
0
What is 11020 (base 3) in base 10?
114
What is -2a (base 11) in base 6?
-52
What is -102 (base 6) in base 10?
-38
Convert 1 (base 12) to base 9.
1
Convert 1 (base 16) to base 13.
1
Convert 9 (base 13) to base 2.
1001
What is -8 (base 11) in base 13?
-8
What is 2 (base 15) in base 16?
2
Convert -9 (base 15) to base 8.
-11
-5 (base 9) to base 4
-11
Convert 1 (base 3) to base 10.
1
-1 (base 13) to base 11
-1
27 (base 12) to base 10
31
1 (base 13) to base 7
1
What is -9 (base 14) in base 13?
-9
What is 13 (base 7) in base 4?
22
-157 (base 8) to base 10
-111
Convert 3 (base 10) to base 3.
10
What is 3 (base 9) in base 12?
3
What is -41 (base 16) in base 2?
-1000001
Convert -c (base 14) to base 4.
-30
What is -3 (base 6) in base 15?
-3
11 (base 16) to base 3
122
What is -1 (base 14) in base 7?
-1
Convert 1 (base 5) to base 13.
1
-17 (base 8) to base 13
-12
Convert -200 (base 3) to base 11.
-17
Convert 4 (base 14) to base 11.
4
-3 (base 12) to base 16
-3
-52 (base 12) to base 7
-116
Convert -6 (base 9) to base 10.
-6
Convert -103 (base 6) to base 8.
-47
Convert -111 (base 2) to base 9.
-7
Convert -1010 (base 4) to base 5.
-233
-221 (base 4) to base 16
